)?
-4
4 + (8 - 9) + -3
0
13 + -4 + -4 + -7
-2
Calculate (-5 - 3) + -17 + 20.
-5
Calculate 6 + (1 - 1) - (79 + -77).
4
What is -12 + 6 + -2 + 4?
-4
Evaluate 10 + (7 - 0 - 8).
9
4 + (-2 - (-2 - (-2 - 0)))
2
Calculate 2 + -2 + (-9 - -14).
5
Evaluate (-4 - -3) + 30 + -21.
8
Evaluate -1 + (1 - 0 - 4 - -3).
-1
What is 1 - 3 - (-3 - (10 + -8))?
3
4 + 0 - (-4 - -5 - -4)
-1
Calculate (5 - (-13 + 7)) + -4.
7
What is the value of (-3 - (2 + -2)) + -1?
-4
Calculate 1 + 11 + -8 - (0 - 1).
5
What is the value of (-72 - -67) + 1 + -15 + 8?
-11
Calculate (5 - (7 + -1)) + -3.
-4
Calculate 12 + -10 - (3 - (-2 - 2)).
-5
Calculate (2 - 4) + -30 + 28.
-4
(-10 - -5) + (-1 - (-8 - 3))
5
What is 7 + -18 - (-9 - (-2 - 4))?
-8
Calculate (-1 - 2) + 7 + -5.
-1
Evaluate (-3 - -5) + 1 + (3 - 2).
4
Calculate 0 + 0 - (23 - 25).
2
Calculate -1 + 0 + 0 + (40 - 36).
3
Evaluate -8 - (-4 + -11 - -8).
-1
What is (-1 + 5 - -3) + 0 + -6?
1
What is the value of (19 - 22 - (-1 + 5)) + 5?
-2
Calculate 5 + 1 + -2 + -1.
3
Evaluate -116 + 106 - (1 + -12).
1
What is (-3 - 2) + (-16 - -19)?
-2
What is the value of 0 - (2 - 1 - -3)?
-4
-16 + 22 - (12 - 2)
-4
(-18 - -15) + (-3 - -12) - -2
8
4 - (4 + (-2 - 2) + 0)
4
Evaluate (21 - 15) + -3 + 2 + -14.
-9
-4 + -4 + (-2 - -1)
-9
Evaluate -7 + -9 - -11 - -8.
3
Evaluate (2 - (4 - 5)) + -1 + 3.
5
Evaluate -1 + (-2 - -1 - 2).
-4
What is -6 + (22 - 10) + 1?
7
Evaluate (1 - 7) + (9 - 3).
0
Evaluate 0 + (0 - 5) + 10.
5
-1 + -3 + -12 + 7 + 6
-3
What is 1 + (3 - (4 + -1))?
1
Calculate (1 - 1) + (-16 - (-4 + -7)).
-5
What is 2 - (-5 + 6 - (0 + 1))?
2
Evaluate 2 - 2 - (8 - 13).
5
What is the value of (0 - 7) + (-26 - -28)?
-5
What is the value of 9 + (-9 - -7) + -9?
-2
Evaluate 3 + -6 - (13 + 4 + -11).
-9
What is -6 + -1 + -6 + 20?
7
Calculate -1 + 1 + 24 + -23.
1
What is the value of 1 + ((-11 - -6) + 4 - -5)?
5
(-23 - -23) + (0 - -5)
5
Evaluate -2 - 5 - (-39 - -33).
-1
Evaluate (0 - -2) + 1 + (11 - 13).
1
What is -15 - -9 - (1 - 1)?
-6
Calculate (0 - 3 - -6) + -5 - 2.
-4
4 - (4 + -1 + -3)
4
Calculate (-6 - 1) + 7 - -4.
4
9 + (-1 - (3 + 5) - -5)
5
What is -11 + (9 - 4) - -3?
-3
Evaluate 2 + (-1 + 7 + -2 - 4).
2
1 + -7 - (-22 - -10)
6
Calculate 15 + -14 + 7 + 3.
11
-2 - (0 - (-3 - -4))
-1
Evaluate 1 - 4 - (5 + -6 + 0).
-2
What is 5 - (16 - 5) - -10?
4
Evaluate 2 - 5 - (-11 + 8).
0
Evaluate -2 + (3 - (0 - 0 - 3)).
4
2 + -3 + 6 - 4
1
What is the value of ((-10 - -4) + 3 - -6) + 2?
5
Calculate 1 - (6 + 1 + -2).
-4
Evaluate 3 + (4 - (5 - -3)) - -1.
0
What is 4 + (0 - (-1 + 6))?
-1
What is the value of -6 - (-13 + 2 - -6)?
-1
What is 3 + (0 - (-1 - 0))?
4
What is 30 - 35 - (0 + 1 + -10)?
4
What is the value of (-4 - 3 - -2) + 4?
-1
3 + -7 + 8 - -1
5
What is the value of 13 + -15 + (-4 - -1)?
-5
Calculate (2 - (3 + -5)) + (0 - 1).
3
Evaluate 1 + -7 + 11 + -10.
-5
(7 - 4) + -6 - -1
-2
What is the value of -3 - 2 - 3 - -3?
-5
What is 11 + -6 - (1 + 1)?
3
-8 - 3 - (-17 + 11)
-5
1 - ((-3 - -1) + (-1 - -3))
1
What is the value of -14 + 6 + -2 + 7?
-3
3 + -3 - (-1 - -1) - -1
1
-74 + 71 - (0 - (1 - 2))
-4
What is 3 + (-6 - 0 - (22 + -26))?
1
Evaluate 0 + -3 + (25 - 24).
-2
What is 1 + 2 - 10 - -2?
-5
Calculate 1 - (-4 + 5 - -2).
-2
What is 3 + -6 + 1 + 6?
4
What is the value of -3 + (-23 + 19 - (-1 + -2))?
-4
What is the value of -1 + (7 - 5) + -3 - 3?
-5
Calculate -14 + 9 + (5 - 2).
-2
What is (-3 - -10 - 5) + 0 + 1?
3
What is the value of 7 - (6 - (-2 - -4))?
3
What is the value of 0 + 3 - (-24 + 32 + -10)?
5
Calculate 3 - -1 - (-3 + 14) - -2.
-5
Evaluate 2 - -1 - ((10 - 6) + 0).
-1
4 - 0 - (19 + -15)
0
What is the value of -3 - ((1 - 3) + 0)?
-1
What is -17 + 13 + 9 + 0 + -3?
2
Calculate 4 - (-7 + 8 - 0).
3
Calculate 4 + -1 + 2 + -5 + 2.
2
Calculate (-1 - -2) + (-6 - 0).
-5
What is the value of -5 + 8 + 1 + 3 + -1?
6
-1 - (-6 - (-3 + -1))
1
What is 9 + -8 - (-3 + 0)?
4
What is the value of -15 + 20 + (-2 - (2 + -3))?
4
Evaluate (-4 - 0) + 6 + -1.
1
1 + -1 + 6 + -1 + -3
2
Evaluate -10 + 0 + 5 + 0.
-5
(-1 - -8) + (-8 + -6 - -9)
2
-7 - (-3 + 1 - 10)
5
Evaluate (7 - -2) + (-10 - (1 + -5)).
3
-1 + (-6 + 6 - (-2 - -7))
-6
Evaluate (2 - (1 + -5)) + (-1 - 3).
2
What is the value of -1 + (5 + (-2 - 0) - 2)?
0
What is -3 + 4 + 5 + -2?
4
13 + (-13 - (12 - 13))
1
Evaluate (0 - 4) + (2 - -6).
4
-7 + -2 - (-80 - -64)
7
What is the value of -100 + 105 - (6 + 1)?
-2
What is 4 + (-11 - (-2 - 2))?
-3
Calculate (-3 - (-3 - -1)) + 6 + -5.
0
Calculate 0 - (-1 + -1) - (-2 + 0).
4
What is 4 + 1 + -1 + (-2 - 2)?
0
What is (9 - (-4 + 14)) + 1?
0
2 + 12 + 2 + -13
3
Calculate -4 - 1 - (7 - (5 + 5)).
-2
What is -41 + 33 + 1 + 9?
2
Calculate 3 - ((-7 - -2) + (-8 - -10)).
6
Calculate (15 - 7) + -5 - (3 + 1).
-1
Calculate 20 + -19 + -6 + -1 + 2.
-4
What is 6 + -3 + (4 - -10 - 8)?
9
(6 - 4) + -1 + -1 - 3
-3
What is 1 - ((2 - 2) + (0 - 0))?
1
(-5 - 0) + 7 - 7
-5
Evaluate (-8 - -22) + -23 - (1 - 4).
-6
Evaluate (9 + -6 - (2 - 2)) + -3.
0
Evaluate (-12 - (-3 + 10 + -12)) + 14.
7
What is the value of 0 + (25 + -28 - (2 + 1))?
-6
What is 1 + 5 + (-1 - 3)?
2
What is the value of -5 - (-12 + (-2 + 10 - 5))?
4
What is 0 - 0 - (5 + -7 - -3)?
-1
Calculate -3 - (5 + -1 + -2).
-5
What is 5 - (3 + -6 + 2 - -2)?
4
0 + -1 + 0 + -4 + 3
-2
0 - (1 - 4 - -3)
0
What is the value of -6 + 0 + 8 + 4?
6
What is the value of -7 + 1 - (52 + -54)?
-4
-3 + -1 - (1 - 5 - -7)
-7
What is (-5 - (-1 + -7 + 4)) + 4?
3
Calculate (4 + -14 - -3) + 7 + -1.
-1
(-5 - 6) + 12 - (2 + -2)
1
What is 2 + -4 + 0 - -6 - 9?
-5
What is 2 - (4 - ((-2 - -1) + 6))?
3
Evaluate -3 + -3 + -1 + (7 - 2).
-2
What is the value of -5 + 3 + -3 + 8 + -1?
2
Evaluate 3 - 7 - (4 - 0 - 5).
-3
Calculate 11 + (-2 - (-2 + -1 + 6)).
6
What is the value of -3 - (7 + (7 - (2 - -7)))?
-8
Calculate -2 + -6 + 4 + 7.
3
What is -3 + 1 + 8 + -4 + -8?
-6
What is the value of 17 + (-7 - (-2 - -4) - -2)?
10
Evaluate 5 + 3 + -8 + 0.
0
What is (10 - -1) + 25 + -30 + -10?
-4
What is the value of (3 - (6 + -5)) + 3?
5
What is the value of 1 + (-1 - 1 - (-4 - -4))?
-1
What is the value of (5 - 1) + 0 + -9?
-5
What is -5 + (-3 + 5 - -8)?
5
What is (1 - (-1 - -2)) + 1 - 6?
-5
What is (7 - 14) + (3 - -5) + 2?
3
What is the value of 9 - 7 - -1 - 2?
1
What is -1 + -2 + -1 + 4?
0
Calculate -2 + 5 + (-2 - -2) - 0.
3
Calculate 7 + -27 + 1 + 8 + 8.
-3
What is 3 - 3 - (-3 + 6)?
-3
What is the value of 0 + 2 + -3 - (6 - 2)?
-5
(9 - 0) + -10 - -2
1
-6 + (4 + -4 - -2 - 1)
-5
(-4 - -14) + (-3 - -1) + -7
1
What is the value of (-4 - 1) + 87 + -81?
1
Evaluate -1 - 1 - (-4 + (11 - 7)).
-2
-3 - 0 - -3 - -1
1
What is the value of 11 + -5 - 8 - -6?
4
What is 4 + (0 - ((-6 - -12) + -2))?
0
-6 - (4 + -4) - (0 + -2)
-4
What is the value of (1 + 4 - -1) + -5?
1
(-4 - (-2 - 1)) + 3
2
What is the value of -6 - -7 - -2 - -3?
6
Calculate 1 + 3 + (3 - -2 - 14).
-5
What is the value of 9 + (-6 - 7) - -4?
0
Evaluate -1 - (4 + -3 - -3).
-5
What is 8 - (-4 + 5) - (-5 - -9)?
3
Evaluate 4 - 6 - (-2 + -1) - -5.
6
Evaluate 22 - 13 - (5 + 0).
4
What is the value of 5 + 1 + (4 - 8)?
2
What is -12 - (-19 + 4 - -7)?
-4
-4 + (3 + (-8 - -6) - -8)
5
What is (-5 - -2) + (6 - (5 - -6))?
-8
Calculate 9 - (1 - (-2 - 0)).
6
Evaluate 4 + 0 + (-26 - -22) - 1.
-1
What is the value of -2 + (0 - 6) - (-10 + 6)?
-4
What is 0 + -3 - ((-2 - 10) + 9)?
0
What is the value of -1 + -4 + (-62 - -69)?
2
What is the value of -6 - 1 - (-11 - -9)?
-5
3 + (6 - 4 - 12)
-7
Evaluate -14 + (14 - 8) - -3.
-5
Evaluate -5 - (5 - 8) - -5.
3
What is the value of (-11 - -19 - 5) + -4?
-1
What is (-5 - -1) + -3 + -6 + 9?
-4
What is the value of -10 + 1 - (5 + -10 - 1)?
-3
What is 1 - (2 + -4 + 4)?
-1
What is 6 - 1 - (13 + -11)?
3
Evaluate 1 + 9 + -158 + 152.
4
Calculate -4 + 0 - (-6 + 3 + 1).
-2
What is -10 - -13 - (1 - 0) - 7?
-5
Calculate -3 - (-7 + -4 + 8).
0
Calculate 6 + -5 - -8 - (0 - -1).
8
What is the value of -6 + (-10 - (6 - 22))?
0
Evaluate -3 + (2 - (5 - 1)).
-5
Calculate -11 + (5 - 0) - -8.
2
What is -4 + 9 + -3 - 0?
2
What is the value of -3 - (-4 - (-5 - 5))?
-9
Evaluate 3 + (-4 - (-2 + 1)).
0
Evaluate -1 - ((16 - 11) + (-11 - 1)).
6
Evaluate 1 + -1 + 0 + 9 + -5.
4
Evaluate 0 + (3 + -2 - 6) - -6.
1
What is 0 + -7 - (-13 + 9 - -3)?
-6
3 - (9 + -4) - -1
-1
5 - (7 - 6) - 3
1
(4 - 1) + (4 - 9) + 1
-1
(-13 - (-7 - -2)) + 11
3
(18 - (18 + 2)) + 